{"id":7,"date":"2024-11-06T14:23:15","date_gmt":"2024-11-06T14:23:15","guid":{"rendered":"https:\/\/xn--taxihu-1i8b.com\/?page_id=7"},"modified":"2025-08-04T22:44:12","modified_gmt":"2025-08-04T15:44:12","slug":"goi-taxi-hue","status":"publish","type":"page","link":"https:\/\/xn--taxihu-1i8b.com\/","title":{"rendered":"G\u1eccI TAXI HU\u1ebe"},"content":{"rendered":"\n<h1 class=\"wp-block-heading has-text-align-center has-extra-huge-font-size\"><strong><mark style=\"background-color:rgba(0, 0, 0, 0);color:#00d084\" class=\"has-inline-color\">T\u1ed4NG \u0110\u00c0I TAXI HU\u1ebe<\/mark><\/strong><\/h1>\n\n\n\n<h1 class=\"wp-block-heading has-text-align-center\"><strong><a href=\"tel:0888551453\"><mark style=\"background-color:rgba(0, 0, 0, 0);color:#08f34b\" class=\"has-inline-color\">0888 551 453<\/mark><\/a><\/strong><\/h1>\n\n\n\n<div class=\"wp-block-buttons is-content-justification-center is-layout-flex wp-container-core-buttons-is-layout-a89b3969 wp-block-buttons-is-layout-flex\">\n<div class=\"wp-block-button has-custom-width wp-block-button__width-75 is-style-fill\"><a class=\"wp-block-button__link has-background has-border-color has-inter-font-family has-section-title-font-size has-text-align-center has-custom-font-size wp-element-button\" href=\"TEL:0888551453\" style=\"border-color:#00d084;border-radius:100px;background-color:#f0034a;padding-top:var(--wp--preset--spacing--20);padding-right:var(--wp--preset--spacing--20);padding-bottom:var(--wp--preset--spacing--20);padding-left:var(--wp--preset--spacing--20)\"><strong>G\u1eccI NGAY<\/strong><\/a><\/div>\n<\/div>\n\n\n\n<h1 class=\"wp-block-heading has-text-align-center\">0855 453 453<\/h1>\n\n\n\n<div class=\"wp-block-group is-layout-constrained wp-block-group-is-layout-constrained\">\n<details class=\"wp-block-details is-layout-flow wp-block-details-is-layout-flow\"><summary>Xe TAXI HU\u1ebe 0888-551-453 G\u1ecdi L\u00e0 C\u00f3 Xe \u0110\u00f3n Ngay. An To\u00e0n Nhanh Ch\u00f3ng Ti\u1ec7n L\u1ee3i <br>D\u1ecbch V\u1ee5 TAXI xe 4 &#8211; 7 ch\u1ed7 t\u1ea1i Hu\u1ebf gi\u00e1 r\u1ebb. Ph\u1ee5c v\u1ee5 24\/7 <\/summary>\n<p><\/p>\n<\/details>\n<\/div>\n\n\n\n<figure class=\"wp-block-image aligncenter size-large\"><img loading=\"lazy\" decoding=\"async\" width=\"1024\" height=\"690\" src=\"https:\/\/xn--taxihu-1i8b.com\/wp-content\/uploads\/2024\/11\/ban-sao-cua-lag68818-1691723292657-1691723293422892738581-1024x690-1.webp\" alt=\"\" class=\"wp-image-49\" srcset=\"https:\/\/xn--taxihu-1i8b.com\/wp-content\/uploads\/2024\/11\/ban-sao-cua-lag68818-1691723292657-1691723293422892738581-1024x690-1.webp 1024w, https:\/\/xn--taxihu-1i8b.com\/wp-content\/uploads\/2024\/11\/ban-sao-cua-lag68818-1691723292657-1691723293422892738581-1024x690-1-300x202.webp 300w, https:\/\/xn--taxihu-1i8b.com\/wp-content\/uploads\/2024\/11\/ban-sao-cua-lag68818-1691723292657-1691723293422892738581-1024x690-1-768x518.webp 768w\" sizes=\"auto, (max-width: 1024px) 100vw, 1024px\" \/><\/figure>\n\n\n\n<h2 class=\"wp-block-heading has-text-align-center\"><mark style=\"background-color:rgba(0, 0, 0, 0);color:#07ff94\" class=\"has-inline-color\">XE 4 CH\u1ed6 GI\u00c1 R\u1eba<\/mark><\/h2>\n\n\n\n<h2 class=\"wp-block-heading has-text-align-center\"><mark style=\"background-color:rgba(0, 0, 0, 0)\" class=\"has-inline-color has-primary-color\">0888 551 453<\/mark><\/h2>\n\n\n\n<figure class=\"wp-block-image aligncenter size-full\"><img loading=\"lazy\" decoding=\"async\" width=\"1024\" height=\"768\" src=\"https:\/\/xn--taxihu-1i8b.com\/wp-content\/uploads\/2024\/11\/z4310655096683_9e3bc8ac1ec6fd358f781de59827edd2-1067x800-1-1024x768-1.jpg\" alt=\"XE 7 CH\u1ed6\" class=\"wp-image-46\" srcset=\"https:\/\/xn--taxihu-1i8b.com\/wp-content\/uploads\/2024\/11\/z4310655096683_9e3bc8ac1ec6fd358f781de59827edd2-1067x800-1-1024x768-1.jpg 1024w, https:\/\/xn--taxihu-1i8b.com\/wp-content\/uploads\/2024\/11\/z4310655096683_9e3bc8ac1ec6fd358f781de59827edd2-1067x800-1-1024x768-1-300x225.jpg 300w, https:\/\/xn--taxihu-1i8b.com\/wp-content\/uploads\/2024\/11\/z4310655096683_9e3bc8ac1ec6fd358f781de59827edd2-1067x800-1-1024x768-1-768x576.jpg 768w\" sizes=\"auto, (max-width: 1024px) 100vw, 1024px\" \/><\/figure>\n\n\n\n<h3 class=\"wp-block-heading has-text-align-center\"><strong><mark style=\"background-color:rgba(0, 0, 0, 0);color:#04f68d\" class=\"has-inline-color\">XE 7 CH\u1ed6 PH\u1ee4C V\u1ee4 24\/7<\/mark><\/strong> <\/h3>\n\n\n\n<h2 class=\"wp-block-heading has-text-align-center\"><mark style=\"background-color:rgba(0, 0, 0, 0)\" class=\"has-inline-color has-primary-color\">0855 453 453<\/mark><\/h2>\n","protected":false},"excerpt":{"rendered":"<p>T\u1ed4NG \u0110\u00c0I TAXI HU\u1ebe 0888 551 453 0855 453 453 XE 4 CH\u1ed6 GI\u00c1 R\u1eba 0888 551 453 XE 7 CH\u1ed6 PH\u1ee4C V\u1ee4 24\/7 0855 453 453<\/p>\n","protected":false},"author":1,"featured_media":0,"parent":0,"menu_order":0,"comment_status":"closed","ping_status":"closed","template":"","meta":{"footnotes":""},"class_list":["post-7","page","type-page","status-publish","hentry"],"_links":{"self":[{"href":"https:\/\/xn--taxihu-1i8b.com\/index.php?rest_route=\/wp\/v2\/pages\/7","targetHints":{"allow":["GET"]}}],"collection":[{"href":"https:\/\/xn--taxihu-1i8b.com\/index.php?rest_route=\/wp\/v2\/pages"}],"about":[{"href":"https:\/\/xn--taxihu-1i8b.com\/index.php?rest_route=\/wp\/v2\/types\/page"}],"author":[{"embeddable":true,"href":"https:\/\/xn--taxihu-1i8b.com\/index.php?rest_route=\/wp\/v2\/users\/1"}],"replies":[{"embeddable":true,"href":"https:\/\/xn--taxihu-1i8b.com\/index.php?rest_route=%2Fwp%2Fv2%2Fcomments&post=7"}],"version-history":[{"count":15,"href":"https:\/\/xn--taxihu-1i8b.com\/index.php?rest_route=\/wp\/v2\/pages\/7\/revisions"}],"predecessor-version":[{"id":126,"href":"https:\/\/xn--taxihu-1i8b.com\/index.php?rest_route=\/wp\/v2\/pages\/7\/revisions\/126"}],"wp:attachment":[{"href":"https:\/\/xn--taxihu-1i8b.com\/index.php?rest_route=%2Fwp%2Fv2%2Fmedia&parent=7"}],"curies":[{"name":"wp","href":"https:\/\/api.w.org\/{rel}","templated":true}]}}